{"id":11,"date":"2026-01-21T13:23:53","date_gmt":"2026-01-21T12:23:53","guid":{"rendered":"https:\/\/mamere.intside.co\/?page_id=11"},"modified":"2026-01-30T14:44:08","modified_gmt":"2026-01-30T13:44:08","slug":"entre-nous","status":"publish","type":"page","link":"https:\/\/mamere.intside.co\/index.php\/entre-nous\/","title":{"rendered":"Entre Nous"},"content":{"rendered":"\n  <div id=\"section-block_dde5715a6c0959b8ef6793f3d05fca5a\" class=\"primary-bg pt-7 pt-lg-13\"> \n    <div class=\"container\">\n      <div class=\"row\">\n        <div class=\"col-lg-10 col-xl-9 mx-lg-auto content-center\">\n                      <h1 class=\"mb-0\">Parce que ensemble on est plus fort<\/h1> \n                                <div class=\"content-desc mt-3 mt-lg-4\"><p>Une communaut\u00e9 en ligne de m\u00e8res partageant leurs exp\u00e9riences et offrant leurs soutiens mutuels.<\/p>\n<\/div> \n           \n\n          \n        <\/div>  \n        <div class=\"col-lg-6 col-xl-5 mx-lg-auto mt-3 mt-lg-4\">\n             \n       \n           \n                   \n        <\/div> \n      <\/div>\n    <\/div>\n  <\/div>\n\n\n\n \n\n \n  <div id=\"fragments-block_ac797e84168d1e6567f734eb7be4e91e\" class=\"fragments custombg pt-7 pt-lg-13\"> \n    <div class=\"container\">\n      <div class=\"row\">\n        <div class=\"col-xl-6\">\n                      <div class=\"content-img\">\n              <img loading=\"lazy\" decoding=\"async\" width=\"598\" height=\"485\" src=\"https:\/\/mamere.intside.co\/wp-content\/uploads\/2026\/01\/User-1.png\" class=\"w-100\" alt=\"\" srcset=\"https:\/\/mamere.intside.co\/wp-content\/uploads\/2026\/01\/User-1.png 598w, https:\/\/mamere.intside.co\/wp-content\/uploads\/2026\/01\/User-1-300x243.png 300w\" sizes=\"auto, (max-width: 598px) 100vw, 598px\" \/>                              <div class=\"desc-svg\">\n                  <svg xmlns=\"http:\/\/www.w3.org\/2000\/svg\" width=\"29\" height=\"24\" viewBox=\"0 0 29 24\" fill=\"none\">\n                    <path d=\"M29 24H17.8609C16.7726 20.4082 16.2285 16.6857 16.2285 12.8327C16.2285 8.91428 17.2207 5.81224 19.2053 3.52653C21.2539 1.17551 24.2627 0 28.2318 0V5.48571C25.0309 5.48571 23.4305 7.47755 23.4305 11.4612V13.3224H29V24ZM12.7715 24H1.63245C0.54415 20.4082 0 16.6857 0 12.8327C0 8.91428 0.992273 5.81224 2.97682 3.52653C5.02539 1.17551 8.03422 0 12.0033 0V5.48571C8.80243 5.48571 7.20199 7.47755 7.20199 11.4612V13.3224H12.7715V24Z\" fill=\"white\"\/>\n                  <\/svg>\n                <\/div>\n                 \n            <\/div>\n           \n                      <div class=\"content-desc mt-5 mt-lg-9\"><p>\u00ab\u00a0Ma M\u00e8re est un espace num\u00e9rique d\u00e9di\u00e9 \u00e0 l&rsquo;accompagnement bienveillant des femmes africaines dans leur parcours de maternit\u00e9.\u00a0\u00bb<\/p>\n<\/div>\n           \n                      <p class=\"h6 mb-0 mt-4 mt-lg-6\">Jenny Wilson<\/p>\n           \n        <\/div>\n                  <div class=\"col-xl-6 gallery-img mt-4 mt-xl-0\">\n            <ul class=\"row gy-4\">\n              <li class=\"col-4\"><img loading=\"lazy\" decoding=\"async\" width=\"176\" height=\"235\" src=\"https:\/\/mamere.intside.co\/wp-content\/uploads\/2026\/01\/usergallery-1.png\" class=\"attachment-full size-full\" alt=\"\" \/><\/li><li class=\"col-4\"><img loading=\"lazy\" decoding=\"async\" width=\"176\" height=\"235\" src=\"https:\/\/mamere.intside.co\/wp-content\/uploads\/2026\/01\/usergallery-4.png\" class=\"attachment-full size-full\" alt=\"\" \/><\/li><li class=\"col-4\"><img loading=\"lazy\" decoding=\"async\" width=\"176\" height=\"235\" src=\"https:\/\/mamere.intside.co\/wp-content\/uploads\/2026\/01\/usergallery-6.png\" class=\"attachment-full size-full\" alt=\"\" \/><\/li><li class=\"col-4\"><img loading=\"lazy\" decoding=\"async\" width=\"176\" height=\"235\" src=\"https:\/\/mamere.intside.co\/wp-content\/uploads\/2026\/01\/usergallery-2.png\" class=\"attachment-full size-full\" alt=\"\" \/><\/li><li class=\"col-4\"><div class=\"gallery-col\"><\/div><\/li><li class=\"col-4\"><img loading=\"lazy\" decoding=\"async\" width=\"176\" height=\"235\" src=\"https:\/\/mamere.intside.co\/wp-content\/uploads\/2026\/01\/usergallery-7.png\" class=\"attachment-full size-full\" alt=\"\" \/><\/li><li class=\"col-4\"><img loading=\"lazy\" decoding=\"async\" width=\"176\" height=\"235\" src=\"https:\/\/mamere.intside.co\/wp-content\/uploads\/2026\/01\/usergallery-3.png\" class=\"attachment-full size-full\" alt=\"\" \/><\/li><li class=\"col-4\"><img loading=\"lazy\" decoding=\"async\" width=\"176\" height=\"235\" src=\"https:\/\/mamere.intside.co\/wp-content\/uploads\/2026\/01\/usergallery-5.png\" class=\"attachment-full size-full\" alt=\"\" \/><\/li><li class=\"col-4\"><img loading=\"lazy\" decoding=\"async\" width=\"176\" height=\"235\" src=\"https:\/\/mamere.intside.co\/wp-content\/uploads\/2026\/01\/usergallery-8.png\" class=\"attachment-full size-full\" alt=\"\" \/><\/li>            <\/ul>\n          <\/div>\n               \n      <\/div>\n    <\/div>\n  <\/div>\n\n\n\n\n  <div id=\"join-block_75f4f10631264d7bb5bc038957cc0127\" class=\"join pt-8 pt-lg-16\"> \n \n    <div class=\"container-fluid container-xxl\">\n      <div class=\"row\">\n                  <div class=\"col-xl-9 \">\n            <div class=\"px-3 px-xl-0\">\n              <div class=\"join-content join-content-left row tertiary-bg align-items-lg-center py-4 py-xl-6\">\n                                  <div class=\"col-xl-5 text-xl-center order-2 order-lg-2\">\n                    <a class=\"btn btn-secondary\" href=\"#\" target=\"_self\">\n                      Participer \u00e0 la prochaine Session                    <\/a>\n                  <\/div>\n                                <div class=\"col-xl-6 mb-3 mb-xl-0 offset-xl-1 order-lg-1\">\n                                      <h2>Sessions de counseling en ligne<\/h2>\n                   \n                                      <div class=\"content-desc\"><p>Des sessions de counseling en ligne pour aider les femmes \u00e0 surmonter les difficult\u00e9s \u00e9motionnelles et psychologiques li\u00e9es \u00e0 la maternit\u00e9.<\/p>\n<\/div>\n                                  <\/div>\n              <\/div>  \n            <\/div>\n          <\/div>\n              <\/div>\n    <\/div>\n  <\/div>\n\n","protected":false},"excerpt":{"rendered":"","protected":false},"author":1,"featured_media":0,"parent":0,"menu_order":0,"comment_status":"closed","ping_status":"closed","template":"","meta":{"footnotes":""},"class_list":["post-11","page","type-page","status-publish","hentry"],"acf":[],"_links":{"self":[{"href":"https:\/\/mamere.intside.co\/index.php\/wp-json\/wp\/v2\/pages\/11","targetHints":{"allow":["GET"]}}],"collection":[{"href":"https:\/\/mamere.intside.co\/index.php\/wp-json\/wp\/v2\/pages"}],"about":[{"href":"https:\/\/mamere.intside.co\/index.php\/wp-json\/wp\/v2\/types\/page"}],"author":[{"embeddable":true,"href":"https:\/\/mamere.intside.co\/index.php\/wp-json\/wp\/v2\/users\/1"}],"replies":[{"embeddable":true,"href":"https:\/\/mamere.intside.co\/index.php\/wp-json\/wp\/v2\/comments?post=11"}],"version-history":[{"count":22,"href":"https:\/\/mamere.intside.co\/index.php\/wp-json\/wp\/v2\/pages\/11\/revisions"}],"predecessor-version":[{"id":390,"href":"https:\/\/mamere.intside.co\/index.php\/wp-json\/wp\/v2\/pages\/11\/revisions\/390"}],"wp:attachment":[{"href":"https:\/\/mamere.intside.co\/index.php\/wp-json\/wp\/v2\/media?parent=11"}],"curies":[{"name":"wp","href":"https:\/\/api.w.org\/{rel}","templated":true}]}}