{"id":16,"date":"2026-01-21T13:28:00","date_gmt":"2026-01-21T12:28:00","guid":{"rendered":"https:\/\/mamere.intside.co\/?page_id=16"},"modified":"2026-01-28T11:34:33","modified_gmt":"2026-01-28T10:34:33","slug":"a-propos","status":"publish","type":"page","link":"https:\/\/mamere.intside.co\/index.php\/a-propos\/","title":{"rendered":"\u00c0 propos"},"content":{"rendered":"  <div id=\"testimonial-block_7ba98404ad9049cf10b3ccaae4a94aad\" class=\"custombg pt-8 pt-lg-16 overflow-hidden\">\n    <div class=\"container\">\n      <div class=\"row\">\n        <div class=\"col-lg-8 col-xl-9\">\n                      <h2 class=\"mb-0\">Mam\u00e8re, votre complice \u00e9motionnel maternit\u00e9<\/h2>\n                            <\/div>\n        <div class=\"col-lg-4 col-xl-3 mt-4 mb-lg-0\">\n          <div class=\"content-arrow text-lg-end\">\n            <button class=\"slick-arrow testimonial-prev slick-prev\">\n              <svg xmlns=\"http:\/\/www.w3.org\/2000\/svg\" width=\"16\" height=\"16\" viewBox=\"0 0 16 16\" fill=\"none\">\n                <path d=\"M10.06 12L11 11.06L7.94667 8L11 4.94L10.06 4L6.06 8L10.06 12Z\" fill=\"#000\"\/>\n              <\/svg>\n             <\/button>\n            <button class=\"slick-arrow testimonial-next slick-next\">\n              <svg xmlns=\"http:\/\/www.w3.org\/2000\/svg\" width=\"16\" height=\"16\" viewBox=\"0 0 16 16\" fill=\"none\"> \n                <path d=\"M6.94 4L6 4.94L9.05333 8L6 11.06L6.94 12L10.94 8L6.94 4Z\" fill=\"#000\"\/>\n              <\/svg>\n             <\/button>\n          <\/div>\n        <\/div>\n      <\/div>  \n    <\/div>\n      \n      <div class=\"container-fluid mt-4 px-0\">\n        <div class=\"row\">\n          <div class=\"col-12\"> \n            <div class=\"testimonial-slick\">    \n                              <div class=\"testimonial-card p-4 p-lg-5\">\n                                      <div class=\"testimonial-header\">\n                      <div class=\"testimonial-icon\"><img decoding=\"async\" src=\"https:\/\/mamere.intside.co\/wp-content\/themes\/mamere\/assets\/images\/testimonial-icon.svg\" alt=\"icon\"><\/p><\/div>\n                      <div class=\"testimonial-img\"><img loading=\"lazy\" decoding=\"async\" width=\"174\" height=\"174\" src=\"https:\/\/mamere.intside.co\/wp-content\/uploads\/2026\/01\/user-4.png\" class=\"attachment-full size-full\" alt=\"\" srcset=\"https:\/\/mamere.intside.co\/wp-content\/uploads\/2026\/01\/user-4.png 174w, https:\/\/mamere.intside.co\/wp-content\/uploads\/2026\/01\/user-4-150x150.png 150w\" sizes=\"auto, (max-width: 174px) 100vw, 174px\" \/><\/div>\n                    <\/div>\n                                                        <p class=\"mt-7 mb-0\">Mam\u00e8re, c\u2019est aussi un Podcast pour une maternit\u00e9 d\u00e9complex\u00e9e et soutenue, o\u00f9 les femmes partagent leur histoire de m\u00e8re, authentique et sans filtre pour que vous vous sentiez rassur\u00e9e, r\u00e9conforter, d\u00e9culpabiliser, d\u00e9complexer,\u00a0et surtout soutenu; <\/p>\n                                                        <p class=\"mt-3 mt-lg-4 mb-0\">Taylor D.<\/p>\n                                  <\/div>  \n                              <div class=\"testimonial-card p-4 p-lg-5\">\n                                      <div class=\"testimonial-header\">\n                      <div class=\"testimonial-icon\"><img decoding=\"async\" src=\"https:\/\/mamere.intside.co\/wp-content\/themes\/mamere\/assets\/images\/testimonial-icon.svg\" alt=\"icon\"><\/p><\/div>\n                      <div class=\"testimonial-img\"><img loading=\"lazy\" decoding=\"async\" width=\"174\" height=\"174\" src=\"https:\/\/mamere.intside.co\/wp-content\/uploads\/2026\/01\/user-5.png\" class=\"attachment-full size-full\" alt=\"\" srcset=\"https:\/\/mamere.intside.co\/wp-content\/uploads\/2026\/01\/user-5.png 174w, https:\/\/mamere.intside.co\/wp-content\/uploads\/2026\/01\/user-5-150x150.png 150w\" sizes=\"auto, (max-width: 174px) 100vw, 174px\" \/><\/div>\n                    <\/div>\n                                                        <p class=\"mt-7 mb-0\">Nous sommes avant tout une immense communaut\u00e9 de femmes , m\u00e8res ou pas, de psychologues exp\u00e9riment\u00e9s, qui reste connect\u00e9s toute l\u2019ann\u00e9e sur le compte instagram mamere.storys.<\/p>\n                                                        <p class=\"mt-3 mt-lg-4 mb-0\">Natalie W.<\/p>\n                                  <\/div>  \n                              <div class=\"testimonial-card p-4 p-lg-5\">\n                                      <div class=\"testimonial-header\">\n                      <div class=\"testimonial-icon\"><img decoding=\"async\" src=\"https:\/\/mamere.intside.co\/wp-content\/themes\/mamere\/assets\/images\/testimonial-icon.svg\" alt=\"icon\"><\/p><\/div>\n                      <div class=\"testimonial-img\"><img loading=\"lazy\" decoding=\"async\" width=\"174\" height=\"174\" src=\"https:\/\/mamere.intside.co\/wp-content\/uploads\/2026\/01\/user-6.png\" class=\"attachment-full size-full\" alt=\"\" srcset=\"https:\/\/mamere.intside.co\/wp-content\/uploads\/2026\/01\/user-6.png 174w, https:\/\/mamere.intside.co\/wp-content\/uploads\/2026\/01\/user-6-150x150.png 150w\" sizes=\"auto, (max-width: 174px) 100vw, 174px\" \/><\/div>\n                    <\/div>\n                                                        <p class=\"mt-7 mb-0\">Et c\u2019est \u00e9galement cette plateforme web d\u2019aide psychologique, destin\u00e9 \u00e0 aider les femmes qui traversent la p\u00e9riode de transition vers la maternit\u00e9, en leur fournissant un soutien psychologique et \u00e9motionnel avant, pendant, apr\u00e8s la grossesse.<\/p>\n                                                        <p class=\"mt-3 mt-lg-4 mb-0\">Sophie M.<\/p>\n                                  <\/div>  \n                              <div class=\"testimonial-card p-4 p-lg-5\">\n                                      <div class=\"testimonial-header\">\n                      <div class=\"testimonial-icon\"><img decoding=\"async\" src=\"https:\/\/mamere.intside.co\/wp-content\/themes\/mamere\/assets\/images\/testimonial-icon.svg\" alt=\"icon\"><\/p><\/div>\n                      <div class=\"testimonial-img\"><img loading=\"lazy\" decoding=\"async\" width=\"174\" height=\"174\" src=\"https:\/\/mamere.intside.co\/wp-content\/uploads\/2026\/01\/user-7.png\" class=\"attachment-full size-full\" alt=\"\" srcset=\"https:\/\/mamere.intside.co\/wp-content\/uploads\/2026\/01\/user-7.png 174w, https:\/\/mamere.intside.co\/wp-content\/uploads\/2026\/01\/user-7-150x150.png 150w\" sizes=\"auto, (max-width: 174px) 100vw, 174px\" \/><\/div>\n                    <\/div>\n                                                        <p class=\"mt-7 mb-0\">Alors bienvenue dans le merveilleux monde d&rsquo;une maternit\u00e9 d\u00e9complex\u00e9e et soutenue, bienvenue chez Mam\u00e8re.<\/p>\n                                                        <p class=\"mt-3 mt-lg-4 mb-0\">Maria L.<\/p>\n                                  <\/div>  \n                \n            <\/div>\n          <\/div>\n        <\/div>\n      <\/div>\n      <\/div>\n\n\n\n  <div id=\"resource-block_53e090706c5be42621adfbe9e68dea06\" class=\"pt-8 pt-lg-16\"> \n    <div class=\"container\">\n      <div class=\"row\">\n        <div class=\"col-12 text-center\">\n                      <p class=\"h3 mb-0\"> Articles r\u00e9cents<\/p>\n                  <\/div>\n         \n          <div class=\"col-12 mt-4 mt-lg-5\">\n            <div class=\"posts-slick\">\n                              \n\t<div class=\"post-card\">\n\t\t\t\t\t<div><img loading=\"lazy\" decoding=\"async\" width=\"592\" height=\"276\" src=\"https:\/\/mamere.intside.co\/wp-content\/uploads\/2026\/01\/family-cooking-tasty-desserts--592x276.png\" class=\"w-100\" alt=\"\" \/><\/div>\n\t\t\t\t<div class=\"pt-4 pt-lg-5\">\n\t\t\t\t\t\t\t<ul class=\"card-author\">\n\t\t\t\t\t<li>Adjovi Hounkpatin<\/li>\n\t\t\t\t\t\t\t\t\t\t\t<li>\u2022<\/li>\n\t\t\t\t\t\t<li>27 Jan 2026<\/li>\n\t\t\t\t\t\t\n\t\t\t\t<\/ul>\n\t\t\t\t\n\t\t\t  \n\t\t\t\t<p class=\"h3 mb-0\">\n\t\t\t\t\t<a class=\"text-ellipsis\" href=\"https:\/\/mamere.intside.co\/index.php\/2026\/01\/27\/les-grands-parents-et-la-maternite\/\">Les grands-parents et la maternit\u00e9<\/a>\n\t\t\t\t<\/p>\n\t\t\t\t\t\t\t\t\t\t<p class=\"card-text mb-0\">Les grands-parents jouent un r\u00f4le crucial dans le soutien \u00e9motionnel et pratique des jeunes parents. Cet&#8230;<\/p>\n\t\t\t\t\t<\/div>\n\t<\/div>\n\n                              \n\t<div class=\"post-card\">\n\t\t\t\t\t<div><img loading=\"lazy\" decoding=\"async\" width=\"592\" height=\"276\" src=\"https:\/\/mamere.intside.co\/wp-content\/uploads\/2026\/01\/aliment-grossesse-592x276.png\" class=\"w-100\" alt=\"\" \/><\/div>\n\t\t\t\t<div class=\"pt-4 pt-lg-5\">\n\t\t\t\t\t\t\t<ul class=\"card-author\">\n\t\t\t\t\t<li>Afi Dossou<\/li>\n\t\t\t\t\t\t\t\t\t\t\t<li>\u2022<\/li>\n\t\t\t\t\t\t<li>27 Jan 2026<\/li>\n\t\t\t\t\t\t\n\t\t\t\t<\/ul>\n\t\t\t\t\n\t\t\t  \n\t\t\t\t<p class=\"h3 mb-0\">\n\t\t\t\t\t<a class=\"text-ellipsis\" href=\"https:\/\/mamere.intside.co\/index.php\/2026\/01\/27\/nutrition-consciente\/\">Nutrition consciente<\/a>\n\t\t\t\t<\/p>\n\t\t\t\t\t\t\t\t\t\t<p class=\"card-text mb-0\">La nutrition joue un r\u00f4le essentiel dans la maternit\u00e9, pour la m\u00e8re et le b\u00e9b\u00e9. Cet&#8230;<\/p>\n\t\t\t\t\t<\/div>\n\t<\/div>\n\n                              \n\t<div class=\"post-card\">\n\t\t\t\t\t<div><img loading=\"lazy\" decoding=\"async\" width=\"592\" height=\"276\" src=\"https:\/\/mamere.intside.co\/wp-content\/uploads\/2026\/01\/man-holding-girl-1-592x276.png\" class=\"w-100\" alt=\"\" \/><\/div>\n\t\t\t\t<div class=\"pt-4 pt-lg-5\">\n\t\t\t\t\t\t\t<ul class=\"card-author\">\n\t\t\t\t\t<li>Ayaba Agossou<\/li>\n\t\t\t\t\t\t\t\t\t\t\t<li>\u2022<\/li>\n\t\t\t\t\t\t<li>27 Jan 2026<\/li>\n\t\t\t\t\t\t\n\t\t\t\t<\/ul>\n\t\t\t\t\n\t\t\t  \n\t\t\t\t<p class=\"h3 mb-0\">\n\t\t\t\t\t<a class=\"text-ellipsis\" href=\"https:\/\/mamere.intside.co\/index.php\/2026\/01\/27\/papa-et-maternite\/\">Papa et maternit\u00e9<\/a>\n\t\t\t\t<\/p>\n\t\t\t\t\t\t\t\t\t\t<p class=\"card-text mb-0\">La maternit\u00e9 n\u2019est pas seulement une exp\u00e9rience f\u00e9minine : le r\u00f4le du p\u00e8re est central. Cet&#8230;<\/p>\n\t\t\t\t\t<\/div>\n\t<\/div>\n\n                          <\/div>\n          <\/div>\n              <\/div>\n    <\/div>\n  <\/div>\n\n","protected":false},"excerpt":{"rendered":"","protected":false},"author":1,"featured_media":0,"parent":0,"menu_order":0,"comment_status":"closed","ping_status":"closed","template":"","meta":{"footnotes":""},"class_list":["post-16","page","type-page","status-publish","hentry"],"acf":[],"_links":{"self":[{"href":"https:\/\/mamere.intside.co\/index.php\/wp-json\/wp\/v2\/pages\/16","targetHints":{"allow":["GET"]}}],"collection":[{"href":"https:\/\/mamere.intside.co\/index.php\/wp-json\/wp\/v2\/pages"}],"about":[{"href":"https:\/\/mamere.intside.co\/index.php\/wp-json\/wp\/v2\/types\/page"}],"author":[{"embeddable":true,"href":"https:\/\/mamere.intside.co\/index.php\/wp-json\/wp\/v2\/users\/1"}],"replies":[{"embeddable":true,"href":"https:\/\/mamere.intside.co\/index.php\/wp-json\/wp\/v2\/comments?post=16"}],"version-history":[{"count":8,"href":"https:\/\/mamere.intside.co\/index.php\/wp-json\/wp\/v2\/pages\/16\/revisions"}],"predecessor-version":[{"id":361,"href":"https:\/\/mamere.intside.co\/index.php\/wp-json\/wp\/v2\/pages\/16\/revisions\/361"}],"wp:attachment":[{"href":"https:\/\/mamere.intside.co\/index.php\/wp-json\/wp\/v2\/media?parent=16"}],"curies":[{"name":"wp","href":"https:\/\/api.w.org\/{rel}","templated":true}]}}